b) = 10*b**2 + 1383*b + 7095. Calculate u(-133).
46
Let d(o) = -3*o**3 - 543*o**2 - 157*o - 27065. Calculate d(-181).
1352
Let d(z) = 3168*z + 719119. What is d(-227)?
-17
Let m(p) = -11477*p + 2605301. Determine m(227).
22
Let o(b) = b**3 - 6*b**2 + 14*b - 330. Calculate o(8).
-90
Let r(v) = -2273*v + 63718. Calculate r(28).
74
Let y(k) = 12486*k + 99544. What is y(-8)?
-344
Let t(h) = 784*h**2 - 785*h - 1. Give t(1).
-2
Let h(t) = -t**3 - 4*t**2 - 70*t + 418. Determine h(4).
10
Let h(o) = -50388*o - 55. Give h(0).
-55
Let f(i) = -19*i**3 - 224*i**2 + 14*i + 362. What is f(-12)?
770
Let g(y) = 1528*y + 62214. Give g(-41).
-434
Let h(w) = -697*w + 104126. Give h(150).
-424
Let k(s) = -26*s**2 - 466*s - 1282. Give k(-15).
-142
Let g(c) = 2749*c - 21. Calculate g(0).
-21
Let p(j) = 21*j**3 - 341*j**2 + 395*j - 31. Determine p(15).
44
Let j(a) = a**3 + 30*a**2 + 69*a - 967. What is j(-29)?
-2127
Let j(n) = -n**2 + 3838845*n + 30710831. Calculate j(-8).
7
Let y(k) = -43*k**2 + 555*k + 2305. Calculate y(-4).
-603
Let z(o) = 2182*o + 194211. Calculate z(-89).
13
Let m(x) = -x**2 + 34*x - 401. Give m(10).
-161
Let t(l) = 11305*l + 531627. Determine t(-47).
292
Let m(k) = -2*k**3 - 47*k**2 + 396*k + 16. Give m(7).
-201
Let a(s) = -s**3 - 27*s**2 + 18*s - 235. Calculate a(-28).
45
Let v(b) = -28*b**2 + 900*b + 2865. Give v(35).
65
Let c(v) = 507283*v - 8623835. Give c(17).
-24
Let u(r) = -r**2 - 143242*r + 859451. What is u(6)?
-37
Let t(y) = -2*y**2 + 209*y - 2907. What is t(89)?
-148
Let j(s) = -s**3 + 1681*s**2 + 515*s - 865740. What is j(1681)?
-25
Let f(d) = 1004*d + 1800. Calculate f(-5).
-3220
Let x(s) = -3*s**2 - 234*s + 214123. Calculate x(-309).
-14
Let d(a) = -690*a**3 + 6207*a**2 + 25*a - 1. Determine d(9).
-19
Let a(p) = -249*p - 47588. Determine a(-191).
-29
Let h(q) = 1369*q - 27372. Determine h(20).
8
Let w(c) = -100*c**2 - 2910*c + 323. Calculate w(-28).
3403
Let n(v) = -299995*v - 1499922. Calculate n(-5).
53
Let q(w) = w**3 + 4006*w**2 - 28098*w + 61. Give q(7).
12
Let t(h) = -233585*h - 39. Give t(0).
-39
Let r(v) = 4123*v + 2478025. Determine r(-601).
102
Let b(s) = 124*s - 397. Calculate b(-3).
-769
Let g(k) = 3147*k - 144954. Give g(46).
-192
Let c(s) = -s**2 + 2083*s - 87658. Determine c(43).
62
Let y(u) = 6*u**3 - 20*u + 30. Calculate y(4).
334
Let c(k) = -3*k**2 - 14*k + 276. Determine c(-12).
12
Let d(v) = -v**2 - 5920*v + 450168. Determine d(75).
543
Let t(j) = -4660*j - 37262. What is t(-8)?
18
Let g(i) = -i**3 - 30*i**2 - 180*i - 3108. Determine g(-27).
-435
Let s(r) = -4*r**2 + 104*r - 610. Give s(28).
-834
Let x(c) = 3*c**2 - 1261*c - 3336. Determine x(423).
48
Let w(c) = 8*c**2 + 51*c - 27. What is w(4)?
305
Let q(t) = 8311*t + 132983. Give q(-16).
7
Let s(b) = 69*b**2 + 10625*b - 91. What is s(-154)?
63
Let s(i) = 3*i**3 - 29*i**2 - 10*i + 392. Give s(8).
-8
Let d(q) = -2*q**2 + 22664*q + 864122. Calculate d(-38).
2
Let q(s) = -8*s**2 - 275*s + 58. Give q(-39).
-1385
Let s(r) = -r**3 - 118*r**2 - 1126*r - 148164. Give s(-119).
-9
Let f(v) = -2*v**2 - 297*v - 7862. Determine f(-34).
-76
Let p(r) = 82272*r + 3126333. Give p(-38).
-3
Let u(j) = 5340*j - 1222785. What is u(229)?
75
Let z(c) = 13237*c - 2369427. Give z(179).
-4
Let o(n) = -55*n + 661. Give o(8).
221
Let h(f) = 5583*f + 5484. What is h(-1)?
-99
Let b(o) = -12778*o + 25589. Calculate b(2).
33
Let i(u) = -8*u**3 - 30*u**2 + 15*u. What is i(-4)?
-28
Let x(p) = -5601*p + 145643. What is x(26)?
17
Let m(d) = -931*d - 10342. Determine m(-10).
-1032
Let z(i) = -i**3 - 104*i**2 - 1220*i. Give z(-90).
-3600
Let r(v) = 12*v**2 - 147*v - 1255. Calculate r(17).
-286
Let c(t) = 116931*t - 467729. What is c(4)?
-5
Let b(a) = a**3 - 302*a**2 - 986*a + 114916. Determine b(304).
4
Let t(m) = m**3 + 7*m**2 - 253*m - 2184. Determine t(-13).
91
Let c(g) = g**2 + 5872*g + 1150819. Calculate c(-203).
12
Let v(o) = -202548*o - 607634. Determine v(-3).
10
Let j(l) = -879608*l - 21990204. Determine j(-25).
-4
Let f(i) = 5*i**2 + 245*i + 1872. Calculate f(-8).
232
Let j(a) = -2*a**3 + 46*a**2 - 24493*a + 537871. Calculate j(22).
-7
Let r(g) = -g**3 - 7*g**2 + g - 27. What is r(-4)?
-79
Let s(m) = -5410*m - 373354. Give s(-69).
-64
Let r(h) = -4*h**3 + 29*h**2 - 101*h - 199. Calculate r(5).
-479
Let o(z) = 7*z**3 + 43*z**2 + 171*z + 1021. Give o(-6).
31
Let n(j) = -j**3 + 27*j**2 - 14*j + 2499. What is n(32)?
-3069
Let v(o) = 6*o**2 - 559*o - 6080. Calculate v(103).
-3
Let p(t) = -5*t**3 - 28*t**2 + 312*t - 477. Give p(4).
3
Let m(v) = 9*v**2 - 370*v + 137. What is m(47)?
2628
Let l(m) = -m**2 - 509*m - 11383. Determine l(-22).
-669
Let h(f) = -2*f**2 + 10*f + 530. What is h(19)?
-2
Let x(g) = -2*g**3 - 15*g**2 - 891*g - 4472. Determine x(-5).
-142
Let l(h) = -3*h**3 - 157*h**2 - 356*h - 563. Determine l(-50).
-263
Let d(x) = -198*x - 20783. Calculate d(-104).
-191
Let f(a) = a**2 + 148*a - 5676. What is f(31)?
-127
Let o(d) = -282*d - 5655. Calculate o(-20).
-15
Let k(v) = v**2 - 102*v + 2155. Calculate k(26).
179
Let b(j) = -71*j**2 - 4551*j - 455. Calculate b(-64).
-7
Let z(u) = 3*u**3 + 11*u**2 + 24*u + 14. What is z(-5)?
-206
Let a(v) = -3*v**2 + 6846*v + 736965. What is a(-103)?
0
Let t(y) = -7*y**2 + 2665*y - 191316. Calculate t(96).
12
Let a(m) = 25287*m + 1163168. Calculate a(-46).
-34
Let q(a) = -4*a**2 + 820*a + 17997. Determine q(-20).
-3
Let b(g) = -140*g**2 + 291*g - 463. Calculate b(4).
-1539
Let r(a) = 43862*a + 21. Calculate r(0).
21
Let f(l) = l**3 + 55*l**2 + 487*l + 129. Determine f(-44).
-3
Let p(g) = 33110*g + 4138750. What is p(-125)?
0
Let r(y) = -371830*y + 743665. Give r(2).
5
Let s(y) = y**2 + 181*y + 6586. Calculate s(-134).
288
Let r(c) = -2*c**2 - 1618*c - 22354. Determine r(-14).
-94
Let s(r) = -1813*r + 8812. What is s(5)?
-253
Let n(p) = 5*p**3 + 613*p**2 - 232*p - 20. Calculate n(-123).
-1742
Let b(m) = 147856*m - 1774267. Calculate b(12).
5
Let s(f) = -1432*f - 10925. What is s(-8)?
531
Let q(l) = 3*l**2 - 603*l - 19993. What is q(-29)?
17
Let w(v) = -1265*v + 621092. Give w(491).
-23
Let a(m) = 556*m + 9046. Calculate a(-16).
150
Let a(q) = q**3 - 75*q**2 + 2816*q - 211220. Give a(75).
-20
Let a(b) = 2*b**2 - 5941*b - 23788. Give a(-4).
8
Let v(x) = 10598*x - 3253594. Calculate v(307).
-8
Let o(l) = -428764*l - 3001352. What is o(-7)?
-4
Let r(w) = -760*w**2 + 107*w + 7154. Determine r(-3).
-7
Let z(q) = 2158*q + 5044. What is z(-3)?
-1430
Let k(w) = 62499*w + 374921. Give k(-6).
-73
Let k(t) = -6909*t + 3565040. Calculate k(516).
-4
Let k(q) = -3*q**3 + 4*q**2 + 76*q - 105. Calculate k(7).
-406
Let s(a) = a**2 + 51223*a - 29679102. Give s(573).
6
Let k(l) = 2484*l + 233529. Give k(-94).
33
Let i(f) = 230*f - 4371. Give i(19).
-1
Let f(o) = 2*o**3 - 64*o**2 + 282*o - 21. Give f(26).
-801
Let b(q) = -36*q + 10628. Calculate b(138).
5660
Let m(r) = -4294*r + 476588. Determine m(111).
-46
Let g(b) = -2*b**3 - 29*b**2 - 761*b - 10490. Give g(-14).
-32
Let g(k) = 2*k**3 - 51*k**2 - 152*k + 1499. What is g(28)?
1163
Let q(l) = 2*l**2 - 4041*l + 8078. Determine q(2).
4
Let k(u) = u**3 - 4*u**2 + 6815*u - 40951. Give k(6).
11
Let l(s) = 20*s**3 + 124*s**2 + 24*s - 45. Calculate l(-6).
-45
Let b(z) = -1652*z + 154. What is b(-1)?
1806
Let y(o) = -4*o**2 + 1182*o + 14868. What is y(-12)?
108
Let u(w) = 7511*w - 195760. Give u(26).
-474
Let n(o) = -13515*o + 135160. Calculate n(10).
10
Let l(h) = 2*h**2 - 934*h + 6481. What is l(7)?
41
Let b(x) = 37104*x - 853400. Give b(23).
-8
Let s(w) = -2*w**2 + 9849*w - 19695. Determine s(2).
-5
Let n(u) = 3*u**2 + 113*u - 471. Calculate n(-38).
-433
Let q(l) = 20666*l + 206648. Calculate q(-10).
-12
Let o(y) = 341834*y - 3076476. What is o(9)?
30
Let g(t) = -30*t**3 + 184*t**2 + 8*t - 1. What is g(3)?
869
Let m(z) = -21*z**3 - 238*z**2 - 17*z + 48. What is m(-11)?
-612
Let a(k) = 43*k**2 + 1391*k + 486. Give a(-32).
6
Let v(l) = -38*l**3 + 1715*l**2 - 225*l + 17. Give v(45).
17
Let d(c) = 1041*c + 582841. What is d(-560)?
-119
Let g(x) = 9004*x + 63021. What is g(-7)?
-7
Let s(n) = 10884*n - 892466. Calculate s(82).
22
Let c(r) = 6*r**2 + 30*r - 2735. What is c(-24)?
1
Let x(s) = -3*s**2 - 1098*s + 70847. Give x(-422).
-49
Let a(i) = i**3 + 39*i**2 + 1333*i + 24583. Calculate a(-25).
8
Let d(v) = -2*v**3 + 2*v**2 + 